 357. What is the greatest common factor of i and l?
36
Let m(l) = 3*l**3 - 4*l**2 - 59*l + 219. Let k be m(4). Let n = 10 + 27. What is the highest common divisor of k and n?
37
Let f = 200 - 199. Calculate the highest common factor of 19 and f.
1
Let j be 2 + 194 + 16/(-5 - -9). What is the highest common divisor of j and 10?
10
Suppose -11*s + q - 275 = -8*s, -q = 1. Let w = -73 - s. Calculate the greatest common divisor of w and 38.
19
Suppose 4*p = -4*z - 10 - 2, 4*p = -20. Suppose 3*u = u + 4. Suppose 0 = u*v + 6 - 34. Calculate the greatest common factor of z and v.
2
Suppose 0 = 2*x - 7*x + 65. Let o(k) be the second derivative of k**3 - 4*k**2 - 2*k. Let z be o(x). Calculate the highest common divisor of 14 and z.
14
Let w be (-93)/124 + 107/4. Calculate the highest common divisor of w and 143.
13
Suppose 5*o - 5 = -3*h, -3*h - 2*h = -o + 1. Suppose -35*a + 30*a + 935 = h. What is the greatest common divisor of a and 11?
11
Let s be (-5)/(-20) + 546/(-8). Let c = 101 + s. Suppose -104 = -3*h + t, -44*h - 5*t + 8 = -43*h. What is the highest common factor of h and c?
33
Let u(f) = -12*f**3 + 2*f**2 + 3*f + 2. Let l be u(-2). Suppose 3*s = -s - l. Let y = s + 36. What is the highest common factor of 22 and y?
11
Let o be (-24)/(2*(-7)/238). What is the highest common divisor of o and 36?
12
Let n be 3/2*(66/9 + -4). Calculate the greatest common factor of n and 11.
1
Let r = -51 + 58. Let o be ((-30)/(-4))/(r - 108/16). What is the highest common divisor of o and 12?
6
Let b = 325 + -207. Suppose 0 = 2*m - b - 82. Suppose -34 = 2*i - m. What is the highest common divisor of i and 165?
33
Suppose 9*s = 18*s - 6975. What is the greatest common factor of 100 and s?
25
Let a = -15 + 35. Suppose 4*o + 2*p = -62, 5*p = -o + 4*o + 27. Let y = o + a. What is the highest common divisor of y and 6?
6
Let a = -25 - -30. Suppose -4*z + 338 = 2*v, 0 = -z - 0*v + a*v + 79. What is the greatest common divisor of 12 and z?
12
Let y = -558 - -561. What is the greatest common factor of y and 159?
3
Suppose 1440 + 30 = 14*d. Calculate the highest common divisor of d and 40.
5
Suppose 0 = 2*q + 7 - 15. Suppose -20 + 68 = 3*o. What is the greatest common divisor of o and q?
4
Suppose -14018 = -18*t + 14782. What is the greatest common divisor of 10 and t?
10
Let c = -6 + 12. Let h = -3 + c. Suppose 0*i - 90 = -h*i. What is the greatest common factor of 45 and i?
15
Suppose -4*f - 2*c + 5*c = -1766, 3*f - 1322 = c. What is the highest common divisor of f and 22?
22
Let j = 125 - 107. What is the greatest common divisor of 558 and j?
18
Suppose 2*g - 41 = -5*l, -4*l + 4 = 14*g - 16*g. What is the greatest common factor of 12 and g?
4
Let n = -137 + 139. Suppose u = -n*u + 15. Calculate the greatest common divisor of 110 and u.
5
Let a be (-122)/(-1281) + 500/42. What is the highest common factor of 162 and a?
6
Let i(y) = -y**2 - 1. Let f(o) = 2*o**2 - o - 5. Let b(d) = f(d) + i(d). Let l be b(8). Calculate the highest common factor of 10 and l.
10
Let w = 749 + -227. Calculate the greatest common divisor of 18 and w.
18
Let s = 17 - -55. Calculate the greatest common divisor of s and 64.
8
Let i be 1/2*(-16)/4. Let y be 360/26 + i/(-13). Calculate the highest common divisor of y and 14.
14
Let n be (-6)/3 - -9 - 3. Suppose 0 = n*l - 43 + 7. Suppose l*h - 150 = 4*h. Calculate the greatest common divisor of 12 and h.
6
Suppose 38 = -5*x + 5*f + 113, -21 = -3*x - 3*f. Let s = 7 - 1. Suppose s*w + 220 = 10*w. Calculate the highest common factor of w and x.
11
Let i(b) = b**2 - b + 6. Let a be i(0). Let f be 50/8 - a/(-8). Let z be 2 + -1 + 30 - 3. Calculate the greatest common divisor of z and f.
7
Let r(k) = 4*k**3 - 4 + 9*k**3 - 15*k**3 + 2*k. Let f be r(-3). What is the highest common factor of f and 66?
22
Let p = 1007 + -663. What is the highest common divisor of p and 8?
8
Suppose -236 = -6*q + 1204. Let f(t) = t**3 + 6*t**2 + t + 2. Let s be f(-4). What is the greatest common factor of q and s?
30
Let l(w) = -2*w**2 - 131*w - 42. Let r be l(-65). What is the greatest common divisor of 2875 and r?
23
Let t = -13 + 18. Let b(a) = a**3 + 21*a**2 + 25*a - 45. Let x be b(-19). Let j = x - 167. What is the greatest common divisor of t and j?
5
Let i(w) = w + 43. Let x be i(-10). Calculate the highest common divisor of x and 44.
11
Let z be 201/2 - 2/4. Let a = 401 + -366. Suppose a + z = 3*p. What is the greatest common factor of p and 18?
9
Suppose 0 = 2*b + b - 45. Let v be (-14)/(-7) + 166 - 12/4. Calculate the greatest common divisor of b and v.
15
Suppose 3*o - 3*w - 1779 = 0, o + 73 - 670 = 5*w. Let b be o/24 - (-4)/(-6). Suppose 8*f = 3*f + 360. Calculate the greatest common divisor of f and b.
24
Let i = 109 + -95. What is the highest common factor of 50 and i?
2
Suppose 298 = -h + 2*h. Let w = 115 - h. Let r be (3 + w)/(-3) - 0. Calculate the highest common factor of r and 12.
12
Let y(f) = 23*f**2 - 1. Let c be y(1). Suppose 0 = 4*q - 348 + 72. Suppose 64*m + 10 = q*m. Calculate the highest common factor of c and m.
2
Suppose -11*k + 102 = -74. What is the highest common divisor of 52 and k?
4
Suppose 3*s + i = -194, -3*i - 7 - 8 = 0. Let k = s - -73. What is the highest common factor of k and 80?
10
Suppose -56*s - 160 + 9232 = 0. Let z = 36 + -18. Calculate the greatest common divisor of z and s.
18
Suppose 0*h = 5*s - h - 78, -54 = -3*s - 3*h. Suppose -49*j + 53*j - 320 = 0. What is the highest common divisor of j and s?
16
Suppose -92*m - 7263 = -27871. What is the highest common factor of m and 80?
16
Let w = 222 + -135. Suppose w = j - 30. What is the highest common factor of 13 and j?
13
Let v = -11 - -15. Suppose 0 = 3*h - v - 5. Suppose y = -h*k - y + 656, -650 = -3*k - 5*y. What is the highest common divisor of k and 20?
20
Suppose 3*w + 3*o = 66, 9*o - 7*o = -4*w + 94. Calculate the highest common divisor of w and 5.
5
Suppose z = -4*f - 91 - 126, -f - 64 = -3*z. Let k = f - -65. Let q = 44 - 24. Calculate the greatest common divisor of k and q.
10
Suppose 3*n - 8*m + 13*m - 5457 = 0, -5*m = -4*n + 7276. Calculate the highest common divisor of n and 17.
17
Let l = 46 - 51. Let o be (2 - 6)*l/20. What is the greatest common factor of 1 and o?
1
Suppose 2*b - 62 = 28. Let o(l) = l**2 - 2*l + 2. Let t be o(3). Calculate the greatest common divisor of b and t.
5
Let p be 7560/(-168)*72/(-10). Suppose -3*l + 6*l = 108. Calculate the highest common factor of p and l.
36
Suppose 620 = 3*h - 4*g, -338*h - 831 = -342*h + g. Suppose 3*o + 2*d - 38 = 0, -2*o + 0*o + 57 = -5*d. What is the highest common divisor of o and h?
16
Suppose -r - 2*x - 30 = 0, -4*r - 3*x + 7*x = 132. Let t = 34 + r. Suppose -5*a + 51 = 4*v - 31, -a + v = -11. Calculate the greatest common divisor of a and t.
2
Let o = -171 - -324. Let r = -18 + 20. Suppose -m + r*z = -4 - 19, -m + z + 20 = 0. What is the greatest common divisor of m and o?
17
Let v = -655 - -1207. What is the greatest common divisor of v and 24?
24
Let k(o) = -o**3 + 8*o**2 - 8*o + 5. Let d be k(5). Suppose -3*i + d = -i. Calculate the highest common divisor of 20 and i.
20
Let t(b) = -b**3 - b**2 + 5*b + 12. Let x be t(-6). What is the greatest common factor of x and 216?
54
Let y be -5 + (-885)/(-25) + (-4)/10. Calculate the greatest common divisor of 30 and y.
30
Let s be (-15900)/(-371) + 1/7. Calculate the greatest common divisor of 516 and s.
43
Let r be -21*4/(-6) + -2. Let h(j) be the third derivative of -j**4/2 - 8*j**2. Let v be h(-5). What is the greatest common factor of r and v?
12
Let u(k) = 5*k**2 - 13*k + 18. Let h be u(-5). Calculate the greatest common factor of 39 and h.
13
Let o = -716 + 726. Calculate the highest common factor of 205 and o.
5
Let u(b) = -8*b - 7. Let a be u(4). Let r be (-6)/(-8) + a/(-12). Let z be 4 - (-1)/(-2)*0. What is the highest common divisor of r and z?
4
Let x be (-3)/(1*24/(-80)). Suppose -3*n + 3*r - 26 = -5*n, -5*n = -4*r - 42. Calculate the highest common divisor of x and n.
10
Suppose 2*m + 20 = -3*x + 4*m, -5*x = 5*m. Let g be 1/2 - 230/x. Let n = 91 - g. What is the greatest common factor of 22 and n?
11
Suppose -17 = 3*n - 29. Calculate the highest common factor of 18 and n.
2
Let y(t) = t**2 - t + 12. Let o be y(3). Calculate the highest common fac